{"id":20,"date":"2020-01-16T09:03:55","date_gmt":"2020-01-16T09:03:55","guid":{"rendered":"http:\/\/psk-gmbh.com\/?page_id=20"},"modified":"2021-02-19T08:49:54","modified_gmt":"2021-02-19T08:49:54","slug":"leistungen","status":"publish","type":"page","link":"https:\/\/psk-gmbh.com\/?page_id=20","title":{"rendered":"Leistungen"},"content":{"rendered":"\t\t<div data-elementor-type=\"wp-page\" data-elementor-id=\"20\" class=\"elementor elementor-20\" data-elementor-settings=\"[]\">\n\t\t\t\t\t\t<div class=\"elementor-inner\">\n\t\t\t\t\t\t\t<div class=\"elementor-section-wrap\">\n\t\t\t\t\t\t\t<section class=\"elementor-section elementor-top-section elementor-element elementor-element-c18ca01 elementor-section-boxed elementor-section-height-default elementor-section-height-default\" data-id=\"c18ca01\" data-element_type=\"section\">\n\t\t\t\t\t\t<div class=\"elementor-container elementor-column-gap-default\">\n\t\t\t\t\t\t\t<div class=\"elementor-row\">\n\t\t\t\t\t<div class=\"elementor-column elementor-col-25 elementor-top-column elementor-element elementor-element-465da08\" data-id=\"465da08\" data-element_type=\"column\">\n\t\t\t<div class=\"elementor-column-wrap elementor-element-populated\">\n\t\t\t\t\t\t\t<div class=\"elementor-widget-wrap\">\n\t\t\t\t\t\t<div class=\"elementor-element elementor-element-e63bd77 elementor-widget elementor-widget-image\" data-id=\"e63bd77\" data-element_type=\"widget\" data-widget_type=\"image.default\">\n\t\t\t\t<div class=\"elementor-widget-container\">\n\t\t\t\t\t<div class=\"elementor-image\">\n\t\t\t\t\t\t\t\t\t\t<img width=\"150\" height=\"150\" src=\"https:\/\/psk-gmbh.com\/wp-content\/uploads\/2020\/03\/uvv-150x150.png\" class=\"attachment-thumbnail size-thumbnail\" alt=\"\" loading=\"lazy\" \/>\t\t\t\t\t\t\t\t\t\t\t<\/div>\n\t\t\t\t<\/div>\n\t\t\t\t<\/div>\n\t\t\t\t<div class=\"elementor-element elementor-element-da58288 elementor-widget elementor-widget-heading\" data-id=\"da58288\" data-element_type=\"widget\" data-widget_type=\"heading.default\">\n\t\t\t\t<div class=\"elementor-widget-container\">\n\t\t\t<h2 class=\"elementor-heading-title elementor-size-default\">UVV - Pr\u00fcfungen <\/h2>\t\t<\/div>\n\t\t\t\t<\/div>\n\t\t\t\t<div class=\"elementor-element elementor-element-a2514cf elementor-widget elementor-widget-heading\" data-id=\"a2514cf\" data-element_type=\"widget\" data-widget_type=\"heading.default\">\n\t\t\t\t<div class=\"elementor-widget-container\">\n\t\t\t<h2 class=\"elementor-heading-title elementor-size-default\">inkl. Lichtschranken<\/h2>\t\t<\/div>\n\t\t\t\t<\/div>\n\t\t\t\t\t\t<\/div>\n\t\t\t\t\t<\/div>\n\t\t<\/div>\n\t\t\t\t<div class=\"elementor-column elementor-col-25 elementor-top-column elementor-element elementor-element-563d4dc\" data-id=\"563d4dc\" data-element_type=\"column\">\n\t\t\t<div class=\"elementor-column-wrap elementor-element-populated\">\n\t\t\t\t\t\t\t<div class=\"elementor-widget-wrap\">\n\t\t\t\t\t\t<div class=\"elementor-element elementor-element-f1a4928 elementor-widget elementor-widget-image\" data-id=\"f1a4928\" data-element_type=\"widget\" data-widget_type=\"image.default\">\n\t\t\t\t<div class=\"elementor-widget-container\">\n\t\t\t\t\t<div class=\"elementor-image\">\n\t\t\t\t\t\t\t\t\t\t<img width=\"1024\" height=\"768\" src=\"https:\/\/psk-gmbh.com\/wp-content\/uploads\/2020\/03\/BMW-MW-Presse-1024x768.jpg\" class=\"attachment-large size-large\" alt=\"\" loading=\"lazy\" srcset=\"https:\/\/psk-gmbh.com\/wp-content\/uploads\/2020\/03\/BMW-MW-Presse-1024x768.jpg 1024w, https:\/\/psk-gmbh.com\/wp-content\/uploads\/2020\/03\/BMW-MW-Presse-300x225.jpg 300w, https:\/\/psk-gmbh.com\/wp-content\/uploads\/2020\/03\/BMW-MW-Presse-768x576.jpg 768w, https:\/\/psk-gmbh.com\/wp-content\/uploads\/2020\/03\/BMW-MW-Presse-1536x1152.jpg 1536w, https:\/\/psk-gmbh.com\/wp-content\/uploads\/2020\/03\/BMW-MW-Presse-2048x1536.jpg 2048w\" sizes=\"(max-width: 1024px) 100vw, 1024px\" \/>\t\t\t\t\t\t\t\t\t\t\t<\/div>\n\t\t\t\t<\/div>\n\t\t\t\t<\/div>\n\t\t\t\t<div class=\"elementor-element elementor-element-0851f68 elementor-widget elementor-widget-heading\" data-id=\"0851f68\" data-element_type=\"widget\" data-widget_type=\"heading.default\">\n\t\t\t\t<div class=\"elementor-widget-container\">\n\t\t\t<h2 class=\"elementor-heading-title elementor-size-default\">Serviceleistungen<\/h2>\t\t<\/div>\n\t\t\t\t<\/div>\n\t\t\t\t\t\t<\/div>\n\t\t\t\t\t<\/div>\n\t\t<\/div>\n\t\t\t\t<div class=\"elementor-column elementor-col-25 elementor-top-column elementor-element elementor-element-cab8fb8\" data-id=\"cab8fb8\" data-element_type=\"column\">\n\t\t\t<div class=\"elementor-column-wrap elementor-element-populated\">\n\t\t\t\t\t\t\t<div class=\"elementor-widget-wrap\">\n\t\t\t\t\t\t<div class=\"elementor-element elementor-element-55b500e elementor-widget elementor-widget-image\" data-id=\"55b500e\" data-element_type=\"widget\" data-widget_type=\"image.default\">\n\t\t\t\t<div class=\"elementor-widget-container\">\n\t\t\t\t\t<div class=\"elementor-image\">\n\t\t\t\t\t\t\t\t\t\t<img width=\"1024\" height=\"768\" src=\"https:\/\/psk-gmbh.com\/wp-content\/uploads\/2020\/03\/Kaldwei-Aalen-Westfalen-\u00dcberischt-Hydraulik-1024x768.jpg\" class=\"attachment-large size-large\" alt=\"\" loading=\"lazy\" srcset=\"https:\/\/psk-gmbh.com\/wp-content\/uploads\/2020\/03\/Kaldwei-Aalen-Westfalen-\u00dcberischt-Hydraulik-1024x768.jpg 1024w, https:\/\/psk-gmbh.com\/wp-content\/uploads\/2020\/03\/Kaldwei-Aalen-Westfalen-\u00dcberischt-Hydraulik-300x225.jpg 300w, https:\/\/psk-gmbh.com\/wp-content\/uploads\/2020\/03\/Kaldwei-Aalen-Westfalen-\u00dcberischt-Hydraulik-768x576.jpg 768w, https:\/\/psk-gmbh.com\/wp-content\/uploads\/2020\/03\/Kaldwei-Aalen-Westfalen-\u00dcberischt-Hydraulik-1536x1152.jpg 1536w, https:\/\/psk-gmbh.com\/wp-content\/uploads\/2020\/03\/Kaldwei-Aalen-Westfalen-\u00dcberischt-Hydraulik-2048x1536.jpg 2048w\" sizes=\"(max-width: 1024px) 100vw, 1024px\" \/>\t\t\t\t\t\t\t\t\t\t\t<\/div>\n\t\t\t\t<\/div>\n\t\t\t\t<\/div>\n\t\t\t\t<div class=\"elementor-element elementor-element-fc2f1d5 elementor-widget elementor-widget-heading\" data-id=\"fc2f1d5\" data-element_type=\"widget\" data-widget_type=\"heading.default\">\n\t\t\t\t<div class=\"elementor-widget-container\">\n\t\t\t<h2 class=\"elementor-heading-title elementor-size-default\">Retrofit<\/h2>\t\t<\/div>\n\t\t\t\t<\/div>\n\t\t\t\t\t\t<\/div>\n\t\t\t\t\t<\/div>\n\t\t<\/div>\n\t\t\t\t<div class=\"elementor-column elementor-col-25 elementor-top-column elementor-element elementor-element-57f859f\" data-id=\"57f859f\" data-element_type=\"column\">\n\t\t\t<div class=\"elementor-column-wrap elementor-element-populated\">\n\t\t\t\t\t\t\t<div class=\"elementor-widget-wrap\">\n\t\t\t\t\t\t<div class=\"elementor-element elementor-element-bd66394 elementor-widget elementor-widget-image\" data-id=\"bd66394\" data-element_type=\"widget\" data-widget_type=\"image.default\">\n\t\t\t\t<div class=\"elementor-widget-container\">\n\t\t\t\t\t<div class=\"elementor-image\">\n\t\t\t\t\t\t\t\t\t\t<img width=\"150\" height=\"150\" src=\"https:\/\/psk-gmbh.com\/wp-content\/uploads\/2020\/03\/Konstruktion-TP40-Rahmen-150x150.jpg\" class=\"attachment-thumbnail size-thumbnail\" alt=\"\" loading=\"lazy\" \/>\t\t\t\t\t\t\t\t\t\t\t<\/div>\n\t\t\t\t<\/div>\n\t\t\t\t<\/div>\n\t\t\t\t<div class=\"elementor-element elementor-element-b5e7719 elementor-widget elementor-widget-heading\" data-id=\"b5e7719\" data-element_type=\"widget\" data-widget_type=\"heading.default\">\n\t\t\t\t<div class=\"elementor-widget-container\">\n\t\t\t<h2 class=\"elementor-heading-title elementor-size-default\">Konstruktion<\/h2>\t\t<\/div>\n\t\t\t\t<\/div>\n\t\t\t\t\t\t<\/div>\n\t\t\t\t\t<\/div>\n\t\t<\/div>\n\t\t\t\t\t\t\t\t<\/div>\n\t\t\t\t\t<\/div>\n\t\t<\/section>\n\t\t\t\t<section class=\"elementor-section elementor-top-section elementor-element elementor-element-75942f7 elementor-section-boxed elementor-section-height-default elementor-section-height-default\" data-id=\"75942f7\" data-element_type=\"section\">\n\t\t\t\t\t\t<div class=\"elementor-container elementor-column-gap-default\">\n\t\t\t\t\t\t\t<div class=\"elementor-row\">\n\t\t\t\t\t<div class=\"elementor-column elementor-col-25 elementor-top-column elementor-element elementor-element-d30f20d\" data-id=\"d30f20d\" data-element_type=\"column\">\n\t\t\t<div class=\"elementor-column-wrap elementor-element-populated\">\n\t\t\t\t\t\t\t<div class=\"elementor-widget-wrap\">\n\t\t\t\t\t\t<div class=\"elementor-element elementor-element-e31fe15 elementor-widget elementor-widget-text-editor\" data-id=\"e31fe15\" data-element_type=\"widget\" data-widget_type=\"text-editor.default\">\n\t\t\t\t<div class=\"elementor-widget-container\">\n\t\t\t\t\t<div class=\"elementor-text-editor elementor-clearfix\"><p>Unsere Servicetechniker stehen Ihnen gerne f\u00fcr die j\u00e4hrlich anfallende Pr\u00fcfung der Unfallverh\u00fctungs-vorschrift (UVV) an Ihren hydraulischen und mechanischen Pressen zur Verf\u00fcgung.<\/p><p>\u00a0 <\/p><\/div>\n\t\t\t\t<\/div>\n\t\t\t\t<\/div>\n\t\t\t\t\t\t<\/div>\n\t\t\t\t\t<\/div>\n\t\t<\/div>\n\t\t\t\t<div class=\"elementor-column elementor-col-25 elementor-top-column elementor-element elementor-element-87122ee\" data-id=\"87122ee\" data-element_type=\"column\">\n\t\t\t<div class=\"elementor-column-wrap elementor-element-populated\">\n\t\t\t\t\t\t\t<div class=\"elementor-widget-wrap\">\n\t\t\t\t\t\t<div class=\"elementor-element elementor-element-d5914c2 elementor-widget elementor-widget-text-editor\" data-id=\"d5914c2\" data-element_type=\"widget\" data-widget_type=\"text-editor.default\">\n\t\t\t\t<div class=\"elementor-widget-container\">\n\t\t\t\t\t<div class=\"elementor-text-editor elementor-clearfix\"><p>Vom Austausch einzelner Bauteile und Komponenten, \u00fcber Fehlersuche bei einem Pressenausfalls mit mit anschlie\u00dfenden Reparaturleistungen direkt vor Ort (hydraulisch, mechanisch, sowie auch elektrisch), oder des Aufbaus und Inbetriebnahme und Durchf\u00fchrung einer CE-Konformit\u00e4tserklr\u00e4ung bei einer neuen oder gebrauchten Presse, bis hin zur Beratung rund um hydraulische Pressen, steht unser Team Ihnen mit Rat und Tat zur Seite und sorgt f\u00fcr die Funktionalit\u00e4t Ihrer Presse.<\/p><\/div>\n\t\t\t\t<\/div>\n\t\t\t\t<\/div>\n\t\t\t\t\t\t<\/div>\n\t\t\t\t\t<\/div>\n\t\t<\/div>\n\t\t\t\t<div class=\"elementor-column elementor-col-25 elementor-top-column elementor-element elementor-element-2342314\" data-id=\"2342314\" data-element_type=\"column\">\n\t\t\t<div class=\"elementor-column-wrap elementor-element-populated\">\n\t\t\t\t\t\t\t<div class=\"elementor-widget-wrap\">\n\t\t\t\t\t\t<div class=\"elementor-element elementor-element-592511f elementor-widget elementor-widget-text-editor\" data-id=\"592511f\" data-element_type=\"widget\" data-widget_type=\"text-editor.default\">\n\t\t\t\t<div class=\"elementor-widget-container\">\n\t\t\t\t\t<div class=\"elementor-text-editor elementor-clearfix\"><p>Sie wollen Ihre hydraulische Presse auf den neusten Stand der Technik bringen, eine Effizenssteigerung Ihrer Pressenstra\u00dfe erreichen oder die Funktion Ihres hydraulischen Systems \u00fcberarbeiten unter Ber\u00fccksichtigung der neusten Sicherheits-bestimmungen?<\/p><p>Dann sind Sie bei uns genau richtig! Unsere Experten bringen Ihre Presse und Steuerung auf Vordermann.<\/p><\/div>\n\t\t\t\t<\/div>\n\t\t\t\t<\/div>\n\t\t\t\t\t\t<\/div>\n\t\t\t\t\t<\/div>\n\t\t<\/div>\n\t\t\t\t<div class=\"elementor-column elementor-col-25 elementor-top-column elementor-element elementor-element-ea3c5a7\" data-id=\"ea3c5a7\" data-element_type=\"column\">\n\t\t\t<div class=\"elementor-column-wrap elementor-element-populated\">\n\t\t\t\t\t\t\t<div class=\"elementor-widget-wrap\">\n\t\t\t\t\t\t<div class=\"elementor-element elementor-element-98461f5 elementor-widget elementor-widget-text-editor\" data-id=\"98461f5\" data-element_type=\"widget\" data-widget_type=\"text-editor.default\">\n\t\t\t\t<div class=\"elementor-widget-container\">\n\t\t\t\t\t<div class=\"elementor-text-editor elementor-clearfix\"><p>Wir konzipieren und konstruieren f\u00fcr Sie gerne hydraulische Systeme und Pressen oder modernisieren Ihre Automatisierungs- bzw. Steuerungstechnik.<\/p>\n<p> Vom Entwurf bis zur Inbetriebnahme sind wir Ihr Ansprechpartner.<\/p><\/div>\n\t\t\t\t<\/div>\n\t\t\t\t<\/div>\n\t\t\t\t\t\t<\/div>\n\t\t\t\t\t<\/div>\n\t\t<\/div>\n\t\t\t\t\t\t\t\t<\/div>\n\t\t\t\t\t<\/div>\n\t\t<\/section>\n\t\t\t\t<section class=\"elementor-section elementor-top-section elementor-element elementor-element-8bc56b2 elementor-section-boxed elementor-section-height-default elementor-section-height-default\" data-id=\"8bc56b2\" data-element_type=\"section\">\n\t\t\t\t\t\t<div class=\"elementor-container elementor-column-gap-default\">\n\t\t\t\t\t\t\t<div class=\"elementor-row\">\n\t\t\t\t\t<div class=\"elementor-column elementor-col-100 elementor-top-column elementor-element elementor-element-f214824\" data-id=\"f214824\" data-element_type=\"column\">\n\t\t\t<div class=\"elementor-column-wrap elementor-element-populated\">\n\t\t\t\t\t\t\t<div class=\"elementor-widget-wrap\">\n\t\t\t\t\t\t<div class=\"elementor-element elementor-element-9ed254b elementor-widget elementor-widget-heading\" data-id=\"9ed254b\" data-element_type=\"widget\" data-widget_type=\"heading.default\">\n\t\t\t\t<div class=\"elementor-widget-container\">\n\t\t\t<h2 class=\"elementor-heading-title elementor-size-default\">Ersatzteilverkauf<\/h2>\t\t<\/div>\n\t\t\t\t<\/div>\n\t\t\t\t<div class=\"elementor-element elementor-element-3a30f55 elementor-widget elementor-widget-text-editor\" data-id=\"3a30f55\" data-element_type=\"widget\" data-widget_type=\"text-editor.default\">\n\t\t\t\t<div class=\"elementor-widget-container\">\n\t\t\t\t\t<div class=\"elementor-text-editor elementor-clearfix\"><p>PSK verf\u00fcgt \u00fcber einen umfangreichen Lagerbestand von Ventilen und Ersatzteilen rund um hydraulische Pressen. Eine Auswahl davon ist in &#8220;ebay&#8221; zu finden. Sie k\u00f6nnen uns auch sehr gerne direkt konktatieren.<\/p><p>Ebenfalls verkaufen wir eigens \u00fcberholte Alt-Pressen. Sie erf\u00fcllen den neusten Stand der Technik und sind mit hochmoderner neuer Hydraulik und Elektrik ausgestattet.<\/p><p>Bei Interesse melden erreichen Sie uns telefonisch (+ 49 (0) 7153 99385 40) oder per mail (info@psk-gmbh.com).<\/p><\/div>\n\t\t\t\t<\/div>\n\t\t\t\t<\/div>\n\t\t\t\t<div class=\"elementor-element elementor-element-1898cbe elementor-widget elementor-widget-heading\" data-id=\"1898cbe\" data-element_type=\"widget\" data-widget_type=\"heading.default\">\n\t\t\t\t<div class=\"elementor-widget-container\">\n\t\t\t<h2 class=\"elementor-heading-title elementor-size-default\">Leistungen (Liste):<\/h2>\t\t<\/div>\n\t\t\t\t<\/div>\n\t\t\t\t<div class=\"elementor-element elementor-element-f1fee5a elementor-widget elementor-widget-text-editor\" data-id=\"f1fee5a\" data-element_type=\"widget\" data-widget_type=\"text-editor.default\">\n\t\t\t\t<div class=\"elementor-widget-container\">\n\t\t\t\t\t<div class=\"elementor-text-editor elementor-clearfix\"><ul><li>UVV &#8211; Pr\u00fcfung<\/li><li>Pressenwartung \/ Pressencheck (z.B.: geometrische Vermessung, usw.)<\/li><li>Fehlersuche \/St\u00f6rungsbeseitigung<\/li><li>Reparaturen aller Art (Abdichtungsarbeiten, Schwei\u00dfreparaturen, Ersatzteileinbau, usw.)<\/li><li>Ersatzteilverkauf<\/li><li>Konstruktion und Fertigung von Individual- und Speziall\u00f6sungen<\/li><li>Umbau und Modernisierung von hydraulischen Pressen<\/li><li>Leistungssteigerung und Ablaufoptimierung<\/li><li>usw.<\/li><\/ul><div>Wir bieten unsere Leistungen weltweit an und sind mobil und flexibel f\u00fcr Sie vor Ort. <\/div><div>\u00a0<\/div><div>Haben Sie Fragen oder m\u00f6chten Sie ein Problem pers\u00f6nlich besprechen, rufen Sie uns einfach an oder schreiben Sie uns eine E-Mail. Wir beraten Sie gerne!<\/div><\/div>\n\t\t\t\t<\/div>\n\t\t\t\t<\/div>\n\t\t\t\t\t\t<\/div>\n\t\t\t\t\t<\/div>\n\t\t<\/div>\n\t\t\t\t\t\t\t\t<\/div>\n\t\t\t\t\t<\/div>\n\t\t<\/section>\n\t\t\t\t\t\t<\/div>\n\t\t\t\t\t\t<\/div>\n\t\t\t\t\t<\/div>\n\t\t","protected":false},"excerpt":{"rendered":"<p>UVV &#8211; Pr\u00fcfungen inkl. Lichtschranken Serviceleistungen Retrofit Konstruktion Unsere Servicetechniker stehen Ihnen gerne f\u00fcr die j\u00e4hrlich anfallende Pr\u00fcfung der Unfallverh\u00fctungs-vorschrift (UVV) an Ihren hydraulischen und&#8230;<\/p>\n<div class=\"more-link-wrapper\"><a class=\"more-link\" href=\"https:\/\/psk-gmbh.com\/?page_id=20\">mehr<span class=\"screen-reader-text\">Leistungen<\/span><\/a><\/div>\n","protected":false},"author":1,"featured_media":0,"parent":0,"menu_order":0,"comment_status":"closed","ping_status":"closed","template":"","meta":[],"_links":{"self":[{"href":"https:\/\/psk-gmbh.com\/index.php?rest_route=\/wp\/v2\/pages\/20"}],"collection":[{"href":"https:\/\/psk-gmbh.com\/index.php?rest_route=\/wp\/v2\/pages"}],"about":[{"href":"https:\/\/psk-gmbh.com\/index.php?rest_route=\/wp\/v2\/types\/page"}],"author":[{"embeddable":true,"href":"https:\/\/psk-gmbh.com\/index.php?rest_route=\/wp\/v2\/users\/1"}],"replies":[{"embeddable":true,"href":"https:\/\/psk-gmbh.com\/index.php?rest_route=%2Fwp%2Fv2%2Fcomments&post=20"}],"version-history":[{"count":29,"href":"https:\/\/psk-gmbh.com\/index.php?rest_route=\/wp\/v2\/pages\/20\/revisions"}],"predecessor-version":[{"id":274,"href":"https:\/\/psk-gmbh.com\/index.php?rest_route=\/wp\/v2\/pages\/20\/revisions\/274"}],"wp:attachment":[{"href":"https:\/\/psk-gmbh.com\/index.php?rest_route=%2Fwp%2Fv2%2Fmedia&parent=20"}],"curies":[{"name":"wp","href":"https:\/\/api.w.org\/{rel}","templated":true}]}}